e remainder when (-12)/8 - 22*17/q is divided by 19.
16
Let y(c) = 8*c**2 - 3*c + 1. Let k(w) = w**2 - 21*w + 24. Let z be k(20). Let l be (-10)/z*(48/10 + -4). Calculate the remainder when y(l) is divided by 21.
18
Let c(s) = s**3 + 48*s**2 - 72*s - 1119. Calculate the remainder when 837 is divided by c(-49).
5
Let h be 1/(-4) - (-49)/4. Suppose -y + 4*y = h. Suppose 0 = y*r - 5*c - 214, -2*r - c + 202 = 2*r. Calculate the remainder when r is divided by 13.
12
Let h(b) = 2*b**2 - 13*b - 8. Let o = 75 + -33. Calculate the remainder when o is divided by h(-1).
0
Suppose -542 = 2*q + 2508. Let i = q - -1616. Suppose y = -2*g + 63, 0*g - 59 = -2*g + 3*y. Calculate the remainder when i is divided by g.
29
Suppose -495 = -7*g + 184. Suppose 122 = 5*o + m, 9*m + 109 = 4*o + 6*m. What is the remainder when g is divided by o?
22
Let r be ((-980)/(-42))/(2/(-6)). Let i = r + 83. Calculate the remainder when 76 is divided by i.
11
Let n = -105 - 336. Let k = -412 - n. What is the remainder when 376 is divided by k?
28
Suppose -233*z + 228*z = -5*p + 100, p - 20 = -3*z. Calculate the remainder when 313 is divided by p.
13
Let p = -5778 + 8581. What is the remainder when p is divided by 55?
53
Let u(n) = 2*n**2 - n - 5. Let g = -44 - -42. Let v be u(g). Suppose v*a - 47 = 8. Calculate the remainder when 65 is divided by a.
10
Let z = -6 + 16. Suppose 5*i = -5*l - 420, -11*l = -15*l - 2*i - 326. Let k = l + 106. What is the remainder when k is divided by z?
7
Let d = 34 + -19. Let m = -1173 - -1983. What is the remainder when (-3)/((-207)/m - 2/(-10)) is divided by d?
9
Let z(s) = s**3 + 8*s**2 + 16*s + 46. Calculate the remainder when 1131 is divided by z(-4).
27
Suppose 890 = 6*g + 6*g - 2*g. Calculate the remainder when g is divided by 24.
17
Let s(z) = -35*z + 579. What is the remainder when 179 is divided by s(15)?
17
Let g = 17 - -2. Let x(k) = 54 - 130 + 650*k - 637*k - 62. Calculate the remainder when x(13) is divided by g.
12
Suppose -15*s = 175 - 415. Calculate the remainder when ((-8)/(-28))/((-1)/(-203)) is divided by s.
10
Let o(x) = -x**3 - 10*x + 11. Let u be o(-7). Let q = u - 349. What is the remainder when q is divided by 13?
10
Let p(f) = 2*f**2 - f - 2. Let r be p(2). Suppose -2*d - 5*i = 9, -2*i - 9 = i. What is the remainder when r + (1/d - 420/(-9)) is divided by 14?
9
Let a = -114 + 125. Let y = 214 - 130. What is the remainder when y is divided by a?
7
Let x(i) = -7*i + 84. Calculate the remainder when x(-9) is divided by 19.
14
Suppose -4*f + 315 = -313. Suppose 41 + f = 18*k. Calculate the remainder when k is divided by 7.
4
Let v = -6171 - -6189. What is the remainder when 570 is divided by v?
12
Let h = 4657 - 4490. What is the remainder when h is divided by 39?
11
Let c = 16178 + -14025. What is the remainder when c is divided by 90?
83
Let g(q) = q**2 + 11*q - 29. Let r be g(-17). Let w = -59 + r. What is the remainder when w is divided by 0 + 1 + 14/2?
6
Let y(q) = -3*q - 10. Let z be y(10). Let h be 16/z - 696/10. Let r = -29 - h. Calculate the remainder when r is divided by 22.
19
Let v(b) = b**2 + 7*b - 9. Let s be v(-9). Suppose 0 = -s*w + 512 - 62. Calculate the remainder when 1/(-3) - (-2676)/9 is divided by w.
47
Let h(r) = 14*r - 52. Let t be h(6). What is the remainder when 12/t + (-2891)/(-56) is divided by 18?
16
Let i(f) = 2 + 6 + 21 + f + 13. Let m(p) = 4*p - 4. Let y be m(-4). What is the remainder when i(y) is divided by 13?
9
Suppose -2*b + 230 = 3*b. Suppose 2*y - y = b. Suppose 41 = 5*o + i, -5*o = 2*i - 18 - 24. What is the remainder when y is divided by o?
6
Suppose 0 = 5*b - k - 765, -8*k = -9*k - 5. Calculate the remainder when b is divided by 120.
32
Let n(o) = -o**3 + 6*o**2 + o - 8. Let j(h) = -2*h - 14. Let b be j(-10). Let s be n(b). What is the remainder when 25 is divided by 1/s*((-12)/4 + -15)?
7
What is the remainder when (-16)/(-168)*35*3933/5 is divided by 35?
32
What is the remainder when 2021 is divided by ((-360)/6 + 14)*-4?
181
Let t(o) be the second derivative of o**3/3 - 3*o**2 - o. Suppose 0 = -58*l + 10*l - 28*l + 684. What is the remainder when 47 is divided by t(l)?
11
Suppose 3*u + 4*d - 11837 = 0, -5*d + 7528 + 8255 = 4*u. What is the remainder when u is divided by 158?
155
Suppose -53 = 46*y - 329. Let b(d) = -3*d**3 + 3*d**2 + d - 1. Calculate the remainder when b(-2) is divided by y.
3
Let p(u) = u**2 - 4. Let m(o) = o**2 - 8*o + 4. Let t be m(8). Suppose -3*z + 8 + 61 = 0. Calculate the remainder when z is divided by p(t).
11
Suppose -76*s + 121*s = -292*s + 20557. Let u(a) = -58*a**2 + 2*a - 1. Let o be u(1). Let v = o + s. Calculate the remainder when 9 is divided by v.
1
Let v = -70 + 68. Let h(w) = -w**3 + 2*w**2 - 3. Let i(c) = -2*c. Calculate the remainder when h(v) is divided by i(-4).
5
Suppose -27 = -5*p + 4*d, -3*d - 4 = 5. Let z be 35 + (p + 2 - 3). Let h = z + -3. Calculate the remainder when 101 is divided by h.
33
Let d be 2/((6/(-4))/(-3)). Suppose 5*j - 454 + 69 = -d*o, 0 = -2*o + 4*j + 186. What is the remainder when o is divided by 26?
17
Suppose 0 = -4*v - c + 81, v + 6 = -2*c + 21. Calculate the remainder when 8/3*v/14 is divided by 4.
0
Suppose 3*o = -4*o + 35. Suppose 4*m = -o*m + 675. What is the remainder when m is divided by 14?
5
Let p = 6 - 5. Suppose a + 2*g = 9, g = a + p - 16. What is the remainder when ((-444)/48)/(-1)*4 is divided by a?
11
Suppose 5*m = -3*d + 29, 2*d = 5*m + 36 - 0. What is the remainder when 59 is divided by d?
7
Let t(c) = 37*c**3 - 24*c**2 + 199*c. Calculate the remainder when t(5) is divided by 62.
60
Let n(i) = 12*i + 161. Let b be n(-13). Let m(d) = d**3 - 3*d**2 - 8*d + 17. Let a = 33 - 19. Calculate the remainder when m(b) is divided by a.
13
Suppose -36*m + 241710 = 69*m. Calculate the remainder when m is divided by 72.
70
Suppose -11*h + 23 = -1198. Suppose 5*i = -67*a + 66*a + h, a = 5*i - 109. What is the remainder when 70 is divided by i?
4
Suppose -m - 3*j + 3 = 2, -5*m = -2*j + 63. Let v(a) = 2*a - 20. Let o be v(m). Let i = 46 + o. What is the remainder when 14 is divided by i?
2
Let t(r) = 2*r**2 - 6*r + 46. Let i be t(8). Let j = i - 100. Let g = 185 - 108. What is the remainder when g is divided by j?
25
Let w = 19 - -34. Let v = 54755 - 54548. Calculate the remainder when v is divided by w.
48
Suppose -4*k + 2*i + 443 + 227 = 0, -4*k + 667 = -i. Let g(v) = v**3 - 13*v**2 + 41*v - 169. What is the remainder when k is divided by g(11)?
6
Suppose 0 = 5*u + 2*d - 593, -2*u - 16*d + 242 = -20*d. Calculate the remainder when 239 is divided by u.
1
Let i = 465 - 433. What is the remainder when (2*4/(-10))/(4/(-770)) is divided by i?
26
Suppose 47 = -2*u + 5*w + 140, -u = 5*w - 69. Let y = 124 - u. Suppose 0 = -x - 2*b + 16, -5*x = -2*b - 29 - 27. Calculate the remainder when y is divided by x.
10
Let d = 8925 - 4703. Calculate the remainder when d is divided by 44.
42
What is the remainder when (-10)/75 + (10628/60 - 6) is divided by 57?
0
Let b(q) = -5*q**2 - q - 23. Let y be b(5). Let d = -116 - y. Calculate the remainder when d is divided by 13.
11
Let b(y) = -y**3 + 45*y**2 + 57*y - 185. What is the remainder when b(44) is divided by 21?
17
Suppose -4*v = 4*l - 7*l + 31, -l - 7 = 3*v. Suppose 0 = -4*c - 12, 3*c = -10*r + l*r + 616. What is the remainder when r is divided by 4?
1
Let g(f) = 312*f - 5539. What is the remainder when g(19) is divided by 90?
29
Let u = 46 - 21. Suppose -r = o - 73, -110*o - 141 = -2*r - 107*o. Calculate the remainder when r is divided by u.
22
Let g(v) = -15*v**2 + 7*v**3 - 4*v - 11*v**2 - 6*v + 21 + 24*v**2. Calculate the remainder when g(2) is divided by 15.
4
Let a = -45 - -56. Suppose 6*v - 306 = -a*v. Suppose 3*k - 9 = 27. Calculate the remainder when v is divided by k.
6
Let t = 123 - 52. Suppose 2*p + 193 = -2*w + 467, 5*w - 689 = -4*p. Calculate the remainder when w is divided by t.
70
Let x be (-5)/(-2) - 10/20 - 5. Let h(m) = 18*m**2 - 3*m - 4. What is the remainder when h(x) is divided by 34?
31
Suppose 2*y - 334 = -4*f - 70, 2*y - 4*f = 280. Calculate the remainder when 10605 is divided by y.
133
Suppose 2*a - 5*a = -129. What is the remainder when 107/((-6420)/3060)*(-2)/((-24)/15)*-4 is divided by a?
40
Suppose 36*y - 154 = 61*y - 39*y. Suppose -2*z - 3*z + 535 = 